
Let u(c) = -c + 45. Let s be u(19). What is the highest common factor of s and 234?
26
Let x = -6 + 8. Calculate the highest common divisor of x and 2.
2
Let t(i) = 9*i**2 + 59*i - 6. Let d be t(-7). What is the greatest common divisor of 11 and d?
11
Suppose -972 = -3*w - w. Calculate the highest common factor of 27 and w.
27
Let x = -1 + 2. Let s be (-9)/(((-1)/2)/x). Calculate the highest common divisor of s and 36.
18
Let x be (6 - 6) + -40 + 1. Let q be 3/6 + x/(-2). What is the highest common factor of q and 30?
10
Let k(x) = x**3 - 7*x**2 - 7*x + 4. Suppose -4*f = 5*j - 52, 0 = -3*f - 5*j - 22 + 66. Let r be k(f). Calculate the greatest common factor of r and 18.
6
Let h(y) = -y**3 + y**2 + 8. Let u be h(0). Suppose u*r - 2 = 6*r. What is the highest common divisor of r and 1?
1
Let n(j) = -3*j + 4. Let o be n(5). Let i = o - -15. Calculate the greatest common divisor of i and 12.
4
Suppose -2*u + 5*u + 4*a = 14, -2 = -a. Suppose i - 3*c + 5 = u*i, -4*i = -2*c - 90. Suppose -49 = -4*l - 9. Calculate the greatest common divisor of i and l.
10
Let z(b) = b + 2 - 4 + 3 - 7*b**3. Let i be z(-1). Calculate the greatest common divisor of i and 21.
7
Suppose -f = -0*f - 6. Suppose 0*x = 4*x + 56. Let u be -6*x*f/9. What is the highest common factor of 7 and u?
7
Let o(i) be the second derivative of 1/20*i**5 - 2*i**2 + 1/2*i**3 + i + 0 - 1/3*i**4. Let r be o(4). What is the highest common divisor of r and 8?
8
Let z = 106 + -7. Let o = -9 + 18. Calculate the highest common divisor of z and o.
9
Let w(k) = -2*k**3 - k**2 + 3*k - 4. Let j be w(-3). What is the greatest common factor of j and 48?
16
Suppose -4*x - 3*g + 72 = 0, x - 18 = -0*x - 3*g. Calculate the highest common divisor of x and 6.
6
Let n be (-3)/((45/24)/(-5)). Let s(g) = -4*g - 7*g**2 + 2*g**2 - g**2 - g**3 - n. Let y be s(-6). Calculate the highest common factor of y and 16.
16
Suppose -1 = 4*b + 3. Let y be b + 0 + 0 + 17. What is the highest common divisor of 40 and y?
8
Suppose -3*k + 7 = 2*k - 4*l, 5*l = 2*k - 13. Let r be (1 - 0)*5 - k. Calculate the highest common divisor of 30 and r.
6
Suppose 4*x - 3*y = -x + 57, -43 = -3*x + 4*y. What is the highest common divisor of x and 45?
9
Let r = 13 + -1. Let x be 1 + 16 + 2 + -3. Suppose 0*m + m = 4*w + 22, 4*m = -2*w + x. What is the highest common divisor of m and r?
6
Let s = -54 - -117. What is the highest common divisor of 7 and s?
7
Let n = 55 - 87. Let i be (-2)/7 + n/(-14). Suppose -3*h = -5*b + 60, 2*h - 55 = -i*b - 3*h. What is the greatest common divisor of 5 and b?
5
Suppose -2*o = -o + 10. Let p = 2 - o. Suppose 2*a - p = 10. Calculate the greatest common factor of a and 11.
11
Let l(w) = 2*w**3 + 29*w**2 - 17*w - 15. Let n be l(-15). Calculate the highest common divisor of 6 and n.
3
Let t = -73 - -81. Let j be 4/6 - (-44)/6. What is the greatest common factor of t and j?
8
Let s = -3 + 6. Suppose -15*v = -20*v + 150. What is the greatest common factor of s and v?
3
Suppose 12*q - 459 = -5*q. What is the highest common divisor of q and 189?
27
Let a be (-2)/9 + 6/27. Suppose -3*u - x - 36 = a, 0 = u + 2*x + 13 - 6. Let p = u - -30. Calculate the highest common factor of 119 and p.
17
Suppose -4*k + k - 4*v + 38 = 0, -5*v = 5. What is the greatest common divisor of k and 28?
14
Suppose 14*u - 31 = 543. What is the greatest common factor of 41 and u?
41
Suppose 4*o = o + 60. What is the greatest common divisor of o and 5?
5
Suppose 2*k - 2*i + 3 = 61, -4*i = -5*k + 147. Let r = k + -21. Calculate the highest common factor of r and 90.
10
Let x be (12/8)/(3/8). Suppose x*c + 4 - 24 = 0. What is the greatest common divisor of 25 and c?
5
Suppose z - 3*z = 0. Let t(j) = -j**3 - j**2 + j + 144. Let i be t(z). What is the greatest common factor of 16 and i?
16
Suppose 0 = d + 2*u - 9, -3*d + 27 = -0*d - 5*u. Let c be (-2)/(-3) + 84/d. What is the highest common divisor of c and 110?
10
Suppose 7*y - 12*y + 480 = 0. Calculate the highest common factor of y and 12.
12
Suppose 6 = -2*l, 2*v + 3*l - 7 = 2*l. Suppose 3*w + 0*w - v*b = 45, -2*w + 35 = -5*b. What is the highest common divisor of 2 and w?
2
Let l(w) = -2*w**3 - 9*w**2 - 2*w + 1. Let f be l(-6). Let o = 8 - 6. Suppose k + 11 = o*k. Calculate the highest common factor of f and k.
11
Suppose 4*p = f + f - 32, 4*f - 64 = -p. Suppose -w + f = -24. Let r be ((-1)/2)/(3/(-60)). What is the greatest common divisor of w and r?
10
Let r = 40 + -31. Calculate the highest common divisor of r and 1.
1
Suppose -x + 0*x + 12 = 0. Let g = 3 - -27. What is the highest common factor of x and g?
6
Let x = -54 + 79. Suppose 5*p - 1380 + 5 = 0. Calculate the greatest common factor of x and p.
25
Suppose -3*r + d + 17 = -3*d, -5*d - 4 = 2*r. Let x(b) = 5*b - 13 + 7 + 6. Let l be x(r). Calculate the greatest common divisor of 5 and l.
5
Suppose 469 = 4*z - 0*z - 3*q, 2*q - 615 = -5*z. What is the greatest common divisor of z and 11?
11
Suppose 0*t + 4*t = 2128. Suppose -4*a = 3*c - t, 2*c = 5*a + 5*c - 668. What is the greatest common divisor of 17 and a?
17
Suppose -2*a - u + 43 = 0, -4*u + u = -a + 18. What is the highest common divisor of a and 21?
21
Suppose -4*n + 20 = -l, -4*l - 3 - 12 = -3*n. Suppose -6*s + n*s = -5. What is the highest common factor of 1 and s?
1
Let g = 0 - -6. Suppose a = -a + g. Let y be ((-40)/(-6))/(a/18). Calculate the highest common factor of 5 and y.
5
Suppose y - 4*y = -279. Calculate the greatest common divisor of 62 and y.
31
Let o = -2 - -1. Let p be (-1 - -2) + (-16)/o. Let m = p - -1. Calculate the greatest common factor of 9 and m.
9
Let r be 3/2 + (-261)/(-2). Calculate the highest common divisor of 12 and r.
12
Suppose -2*k = 3*u - 22, -2*u + k = 2*u - 44. Calculate the highest common divisor of u and 110.
10
Let z be -1*(-3 + 12) - -2. Let l = -2 - z. Calculate the greatest common divisor of l and 40.
5
Let b = 6 - 6. Suppose -4*j + b*j + u + 290 = 0, -4*u + 136 = 2*j. Suppose 13 + 27 = 5*r. Calculate the greatest common factor of j and r.
8
Let v(d) = -2*d - 3. Let i be v(6). Let j(g) = -g + 30. Let u be j(6). Let n = i + u. Calculate the highest common factor of n and 90.
9
Let n be 133 - (1 + -1 - -2). Suppose -13 = -3*s + n. What is the greatest common factor of s and 12?
12
Let j = 2 - -2. Suppose 3*u + j*o - 76 = 0, -6*o = u - 8*o - 32. Calculate the highest common divisor of u and 4.
4
Let k(q) = 3*q**2 - 7*q + 12. Let c be k(9). What is the greatest common divisor of c and 32?
32
Let x = 60 - 44. Calculate the greatest common divisor of x and 48.
16
Let p(a) = -a**2 - 12*a - 3. Let o be p(-11). What is the highest common factor of 4 and o?
4
Suppose -a = 4*a - 20. Calculate the greatest common divisor of 4 and a.
4
Let w = -5 + 17. Let h = -7 + 16. Let s = h + -3. Calculate the greatest common divisor of s and w.
6
Let a = 2 - 1. Let y be (a + 0)*(-153)/(-9). Calculate the greatest common divisor of y and 17.
17
Let c be (-10*(-2 - -4))/(-2). What is the highest common factor of 90 and c?
10
Let w(m) = 7*m - 3. Let z be w(2). Let x = 1 + z. Calculate the greatest common factor of 48 and x.
12
Let t be 48/10 + 2/10. What is the greatest common factor of t and 2?
1
Suppose 3*b + 201 = b - 3*o, -452 = 4*b - 4*o. Let f = -48 - b. What is the highest common factor of 24 and f?
12
Suppose 3*a + 140 = 5*a + 2*i, 4*i = -3*a + 205. What is the greatest common factor of a and 25?
25
Let k = -7 - -11. Suppose 1 - 17 = -k*n. Calculate the greatest common divisor of n and 12.
4
Suppose 2*u = 5*w - 90, 3*u + 25 = w + w. Calculate the highest common divisor of w and 140.
20
Let d = 38 - 29. Calculate the greatest common factor of d and 36.
9
Let l be (4 - 3 - -20) + -1. Calculate the greatest common factor of 10 and l.
10
Let x be 554/10 + 4/(-10). Suppose -20 = 5*j + 5*d, -4*d - 6 = j + 7. Let s be (-4)/1*-3 + j. What is the greatest common factor of x and s?
11
Suppose -3*y + 25 = -4*z - 0, 3*y - 2*z = 29. Suppose -2*s - 4 = -26. Calculate the highest common factor of y and s.
11
Let i(o) = -2*o + 4. Let f be i(-7). What is the highest common divisor of f and 12?
6
Suppose -4*y + 5*k - 89 = -0*k, -3*k - 61 = 2*y. Let n = y + 36. Calculate the greatest common divisor of 50 and n.
10
Let y be 57/4 + 9/(-36). Let f = 9 - -5. What is the highest